{"id":7,"date":"2016-09-06T08:57:51","date_gmt":"2016-09-06T12:57:51","guid":{"rendered":"https:\/\/coeurdesfemmes.org\/?page_id=7"},"modified":"2023-10-16T09:27:26","modified_gmt":"2023-10-16T13:27:26","slug":"accueil","status":"publish","type":"page","link":"https:\/\/coeurdesfemmes.org\/","title":{"rendered":"Accueil"},"content":{"rendered":"<section class=\"wpb-content-wrapper\"><p>[vc_row full_width=\u00a0\u00bbstretch_row\u00a0\u00bb css=\u00a0\u00bb.vc_custom_1474540974421{background-color: #f6f5f2 !important;}\u00a0\u00bb][vc_column width=\u00a0\u00bb5\/6&Prime;][vc_empty_space height=\u00a0\u00bb64px\u00a0\u00bb][vc_column_text]<\/p>\n<h2 class=\"sc_services_title sc_item_title sc_item_title_without_descr\" style=\"text-align: left;\">Notre Mission<\/h2>\n<div class=\"sc_services_descr sc_item_descr\" style=\"text-align: left;\">Depuis sa fondation en 1989, le Centre Au C\u0153ur des Femmes favorise l\u2019autonomie et l\u2019\u00e9galit\u00e9 de toutes les femmes sans discrimination. Son approche f\u00e9ministe favorise la reprise de pouvoir tant individuel que collectif. Il agit pour am\u00e9liorer la condition f\u00e9minine selon les 4 axes d\u2019intervention suivants : l\u2019<strong>ISOLEMENT<\/strong>, la <strong>PAUVRET\u00c9<\/strong>, la <strong>VIOLENCE<\/strong> et la <strong>SANT\u00c9<\/strong>.<\/div>\n<p>&nbsp;[\/vc_column_text][vc_empty_space height=\u00a0\u00bb64px\u00a0\u00bb][vc_images_carousel images=\u00a0\u00bb169,179,163,165,164,143,130,137,122,178,171,155,153&Prime; img_size=\u00a0\u00bblarge\u00a0\u00bb speed=\u00a0\u00bb1850&Prime; slides_per_view=\u00a0\u00bb3&Prime; autoplay=\u00a0\u00bbyes\u00a0\u00bb wrap=\u00a0\u00bbyes\u00a0\u00bb][\/vc_column][vc_column width=\u00a0\u00bb1\/6&Prime;][vc_empty_space height=\u00a0\u00bb128px\u00a0\u00bb]<figure class=\"sc_image  alignleft sc_image_shape_square\" data-animation=\"animated  normal\"><img decoding=\"async\" src=\"https:\/\/coeurdesfemmes.org\/wp-content\/uploads\/2022\/11\/mission_11.png\" alt=\"\" \/><\/figure>[\/vc_column][\/vc_row][vc_row][vc_column width=\u00a0\u00bb3\/4&Prime;]<a href=\"\/?page_id=15\" data-animation=\"animated  normal\" class=\"sc_button sc_button_square sc_button_style_filled sc_button_size_large aligncenter\">Toutes les photos<\/a>[vc_empty_space height=\u00a0\u00bb62px\u00a0\u00bb]<h1 class=\"sc_title sc_title_regular sc_align_left margin_top_null\" style=\"text-align:left;\" data-animation=\"animated  normal\"><\/p>\n<h2 style=\"text-align: left;\">LES OBJECTIFS<\/h2>\n<p><\/h1>[vc_column_text]<\/p>\n<ul>\n<li>Briser l&rsquo;isolement des femmes.<\/li>\n<li>Conscientiser les femmes participantes aux dimensions collectives de leur situation en identifiant les causes et les cons\u00e9quences sociales d\u2019un conditionnement sexiste.<\/li>\n<li>Mobiliser les femmes dans l\u2019affirmation et la d\u00e9fense de leurs droits et int\u00e9r\u00eats.<\/li>\n<li>Lutter contre la discrimination faite aux femmes.<\/li>\n<li>\u00catre \u00e0 l\u2019aff\u00fbt des besoins de l\u2019ensemble de la communaut\u00e9 et de son \u00e9volution pour nourrir notre analyse et nos pratiques.<\/li>\n<\/ul>\n<p>[\/vc_column_text][\/vc_column][\/vc_row][vc_row content_placement=\u00a0\u00bbmiddle\u00a0\u00bb scheme=\u00a0\u00bblight\u00a0\u00bb inverse=\u00a0\u00bb\u00a0\u00bb][vc_column]<div class=\"sc_content content_wrap\" data-animation=\"animated  normal\"><h1 class=\"sc_title sc_title_regular sc_align_left margin_top_null\" style=\"text-align:left;\" data-animation=\"animated  normal\"><\/p>\n<h2 style=\"text-align: left;\">NOS VALEURS<\/h2>\n<p><\/h1>[vc_column_text]<\/p>\n<ul>\n<li><strong>Le Centre au C\u0153ur des femmes d<\/strong><strong>e St-Jean-de-Matha souscrit aux valeurs suivantes<\/strong>\n<ul>\n<li><strong>Autonomie \u2013 <\/strong>Capacit\u00e9 de prendre des d\u00e9cisions en fonction de ses propres besoins et de ses droits, qu\u2019ils soient individuels ou collectifs et d\u2019agir en cons\u00e9quence.<\/li>\n<li><strong>Engagement \u2013\u00a0<\/strong>Faire preuve de loyaut\u00e9 envers la mission du Centre.<\/li>\n<li><strong>Justice sociale \u2013 <\/strong>Croire et revendiquer des droits \u00e9quitables pour toutes et tous.<\/li>\n<li><strong>Respect \u2013 <\/strong>Faire preuve de consid\u00e9ration mutuelle pour les besoins, les droits et les valeurs des individus et des groupes.<\/li>\n<li><strong>Solidarit\u00e9 \u2013 <\/strong>D\u00e9velopper des liens de r\u00e9ciprocit\u00e9 en fonction d\u2019un objectif commun.<\/li>\n<\/ul>\n<\/li>\n<\/ul>\n<p>[\/vc_column_text]<\/div>[\/vc_column][\/vc_row]<\/p>\n<\/section>","protected":false},"excerpt":{"rendered":"<p>[vc_row full_width=\u00a0\u00bbstretch_row\u00a0\u00bb css=\u00a0\u00bb.vc_custom_1474540974421{background-color: #f6f5f2 !important;}\u00a0\u00bb][vc_column width=\u00a0\u00bb5\/6&Prime;][vc_empty_space height=\u00a0\u00bb64px\u00a0\u00bb][vc_column_text] Notre Mission Depuis sa fondation en 1989, le Centre Au C\u0153ur des Femmes favorise l\u2019autonomie et l\u2019\u00e9galit\u00e9 de toutes les femmes sans discrimination. [&hellip;]<\/p>\n","protected":false},"author":1,"featured_media":0,"parent":0,"menu_order":0,"comment_status":"closed","ping_status":"closed","template":"","meta":{"footnotes":""},"class_list":["post-7","page","type-page","status-publish","hentry"],"_links":{"self":[{"href":"https:\/\/coeurdesfemmes.org\/index.php?rest_route=\/wp\/v2\/pages\/7","targetHints":{"allow":["GET"]}}],"collection":[{"href":"https:\/\/coeurdesfemmes.org\/index.php?rest_route=\/wp\/v2\/pages"}],"about":[{"href":"https:\/\/coeurdesfemmes.org\/index.php?rest_route=\/wp\/v2\/types\/page"}],"author":[{"embeddable":true,"href":"https:\/\/coeurdesfemmes.org\/index.php?rest_route=\/wp\/v2\/users\/1"}],"replies":[{"embeddable":true,"href":"https:\/\/coeurdesfemmes.org\/index.php?rest_route=%2Fwp%2Fv2%2Fcomments&post=7"}],"version-history":[{"count":49,"href":"https:\/\/coeurdesfemmes.org\/index.php?rest_route=\/wp\/v2\/pages\/7\/revisions"}],"predecessor-version":[{"id":511,"href":"https:\/\/coeurdesfemmes.org\/index.php?rest_route=\/wp\/v2\/pages\/7\/revisions\/511"}],"wp:attachment":[{"href":"https:\/\/coeurdesfemmes.org\/index.php?rest_route=%2Fwp%2Fv2%2Fmedia&parent=7"}],"curies":[{"name":"wp","href":"https:\/\/api.w.org\/{rel}","templated":true}]}}